t h = 17 - x. List the prime factors of h/(-1 + 5/3).
2, 3
Let h = -18 + 17. Let t(r) = 21*r**3. Let u be t(h). List the prime factors of ((-90)/u)/((-3)/(-14)).
2, 5
Let m be (3 + -3)/(-1 + -2). Let f be m + -4 + 7 - -89. Let j = -66 + f. List the prime factors of j.
2, 13
Suppose 4 = 2*o - 0*o. Suppose -s + 3 = -1, -4*s = o*a + 48. Let z = 75 + a. What are the prime factors of z?
43
Suppose -4 = -a - 11. Let z = -27 - a. What are the prime factors of 3/5 + (-628)/z?
2
Suppose 5*n + 35*j = 37*j + 3374, n - 3*j = 667. List the prime factors of n.
2, 13
Let c(r) = 58*r**2 + 3*r - 9. Let g be c(3). Suppose -4*k - g = -7*k. List the prime factors of k.
2, 3, 29
Let h(m) = 2*m + 6. Let a be h(-4). Let j = -560 + 568. List the prime factors of 38 + a*(-4)/j.
3, 13
Suppose -5*o + 2 = -6*o. List the prime factors of (-1071)/(-68) - o/8.
2
Suppose 0 = -18*g + 11*g + 4207. What are the prime factors of g?
601
Let g(p) = p**3 - p**2 + 3*p + 1. Let h be g(5). Let a = h - -47. What are the prime factors of a?
163
Suppose 0 = 3*g - 4*g + 28. Suppose -g = -x + 174. Suppose 73 + x = 5*l. What are the prime factors of l?
5, 11
Suppose 0 = -2*q + 320 - 70. Suppose -q = -2*h + 81. Suppose 0*y = 5*i + y - 153, -3*i = -5*y - h. List the prime factors of i.
31
Let o = -427 + 261. Let q = o + 385. What are the prime factors of q?
3, 73
Suppose 0 = 11*p - 21 - 23. Suppose 0 = 2*g + p*z - 316, 162 = g - 4*z + 5*z. List the prime factors of g.
2, 83
Suppose -5*h - 144 = 4*h. List the prime factors of (-486)/(-8) + 12/h.
2, 3, 5
Let v(s) = -s**3 + 2*s**2 + 16*s - 2. Let c be v(5). Let r be 78/4*28/6. Suppose 50 = c*k - r. List the prime factors of k.
47
Suppose j + 5*z = -4*j - 85, -3*j = 5*z + 49. Let t = j - -23. Suppose 37 = 4*w + t*a - 5, -3*w + 45 = -3*a. What are the prime factors of w?
13
Let g = -335 + 72. Let m = -182 - g. List the prime factors of m.
3
Let a(g) = g**2 - 5*g + 2. Let j be (-1)/(-7) - 192/(-28). List the prime factors of a(j).
2
Let z = 31 + 38. Suppose 0 = 3*y + z - 192. List the prime factors of y.
41
Suppose 3*y - 4 = -n + 2, 3*n + 4*y = 18. Let s be ((-7)/2)/(n/12). Let l(t) = -7*t + 17. What are the prime factors of l(s)?
2, 3, 11
Let j(c) = -2*c**3 + 4*c**2 + 54*c + 8. What are the prime factors of j(-7)?
2
Suppose -27090 = -15*a + a. What are the prime factors of a?
3, 5, 43
Suppose 0 = -4*g - 2*z + 7622, -26*g + 22*g + 7618 = -2*z. List the prime factors of g.
3, 5, 127
Let y(f) = -f**3 + 9*f**2 - 15*f - 14. List the prime factors of y(6).
2
Suppose -5*f + j = -3601, -f = -3*j + 234 - 957. What are the prime factors of f?
2, 3, 5
Suppose -44*t + 15 = -39*t. Suppose 0 = -5*y + 10, 0 = -b - t*y - 2*y + 78. List the prime factors of b.
2, 17
Let z(c) = 6*c**2 + 15*c + 35. Let g be z(-7). Let u = -88 + g. What are the prime factors of u?
2, 17
Let m(z) = -z + 3. Let f be m(-4). Suppose 0 = p - 2*q - f - 7, -4 = -4*q. List the prime factors of p.
2
Suppose l = 3*l. Suppose 0 = w + 2 - 5. Let f = w + l. What are the prime factors of f?
3
Suppose 0*j - 617 = -m - 4*j, -16 = -4*j. What are the prime factors of m?
601
Let j(r) = -741*r - 9 + 2*r**3 + 754*r - 4*r**2 - r**3. What are the prime factors of j(6)?
3, 47
List the prime factors of 1363 - 12/(11 - 9).
23, 59
Suppose -4 = -4*w, 0*w = 3*q + w + 110. Let s = q - -10. Let c = -13 - s. What are the prime factors of c?
2, 7
Let m = -33 - -38. What are the prime factors of m?
5
Let q be (-2)/13 - (-1396)/(-52). Suppose -3*x + 41 = o, 6*x + 2*o = 2*x + 54. Let i = x - q. What are the prime factors of i?
41
Suppose -5*x + 20 = -2*w - 2*x, w = -2*x - 24. Suppose 0 = 2*p + 3*p + 40. What are the prime factors of (w + 4)*p/2?
2, 3
What are the prime factors of 62846/77 + (-8)/44?
2, 3, 17
Let q(p) be the second derivative of p**4/12 + p**3/6 - 4*p. Suppose -4*m = 2*u - 22, -2*m + 4*u + 0 = 4. List the prime factors of q(m).
2, 5
Suppose -j + 12 = -199. Suppose 45 = -2*m - 2*c + j, -2*m = -4*c - 172. List the prime factors of m.
2, 3, 7
Suppose 6*d = 9*d - 42. Let m = d - -29. Suppose 349 + m = 7*g. List the prime factors of g.
2, 7
List the prime factors of (-3270)/4*(-12)/10.
3, 109
Let k(l) = l**3 + 26 + l**2 + 0*l**2 - 24*l + 25*l. Let s be k(0). Suppose x - s = 8. List the prime factors of x.
2, 17
Let c(b) = b**3 - 8*b**2 - 13*b + 7. Let s be c(7). Let u = s + 240. List the prime factors of u.
107
Let u = -16 + 24. Suppose -u = q + 4. Let n(g) = g**2 + 8*g - 6. List the prime factors of n(q).
2, 3, 7
Let p(x) = 42*x - 4. Let d(m) = -43*m + 5. Let z(u) = -7*d(u) - 6*p(u). What are the prime factors of z(3)?
2, 17
Let u be 24/15*10/4. Let t(b) be the third derivative of b**5/60 - 5*b**4/24 + 7*b**3/6 + 3*b**2. List the prime factors of t(u).
3
Let p be -1 + -2 - (0 + 1). Let v(g) be the second derivative of g**4/12 + 5*g**3/6 + 4*g**2 - 13*g. List the prime factors of v(p).
2
What are the prime factors of (-4884)/(-18) - -4 - (-6)/(-18)?
5, 11
Suppose 0 = 3*k - 2154 - 180. List the prime factors of k.
2, 389
Let a be (2 - (-3)/(-1))/(-1). Let w be 0 + (a - (1 + -2)). Suppose -q - w*n + 7*n + 27 = 0, 2*q = 4*n + 30. What are the prime factors of q?
7
Suppose -4*f = 16, 5*f - f + 16 = -m. Suppose 5*d + 6 + 4 = m, d = q - 5. Suppose 2*o + o = -q*p + 27, -15 = 5*o. List the prime factors of p.
2, 3
Let d be (-44)/3*(-765)/30. Suppose -s - 1 = 0, 5*s - 611 = -5*y + d. Suppose 3*b + x + 4*x = y, 5*b - 4*x = 330. What are the prime factors of b?
2, 3, 11
Let i be (2/(-10) + -1)/(36/(-2280)). What are the prime factors of (-48)/16 - i/(-2)?
5, 7
Suppose -3*a + 4*v + 29 = 0, 5*v + 4 + 12 = -3*a. Suppose -m - 5*h + 59 = -4*h, -m + a*h = -39. List the prime factors of m.
2, 3
Suppose -3*a + 400 = -a. Let l = 27 - 25. Suppose -104 = -3*h + h - l*m, -2*m = 4*h - a. What are the prime factors of h?
2, 3
Let l = -16 + -85. Let m = l - -401. List the prime factors of m.
2, 3, 5
Let s be 4/(-8) - 15/(-10). Let f be ((-4)/3)/(s/(-3)). List the prime factors of f/(-14) - 4011/(-147).
3
Let z be (30/12)/((1 + -2)/(-2)). Let k = z + -1. What are the prime factors of k?
2
Let c(n) = 7*n**3 - n**2. Let t be c(3). Suppose 5*y = -5*d + t, 0*y = -y + 3*d + 48. Suppose r + 2*g = 43, g - 140 = -5*r + y. What are the prime factors of r?
5, 7
Let s(g) = -3*g. Let u be s(8). Let c = u - -155. What are the prime factors of c?
131
Let n = 14 + -10. Let f be (-38)/14 + n/(-14). Let k = f - -13. What are the prime factors of k?
2, 5
Let r(q) = q**3 - 7*q**2 - 5*q - 4. Suppose -x = x - 18. What are the prime factors of r(x)?
113
Let r(f) = 4*f**3 - 17*f**2 + f + 11. List the prime factors of r(7).
557
Suppose 2304 - 496 = 16*a. What are the prime factors of a?
113
Let o = 1220 + -534. Suppose 0 = -5*k + 3*c + o, k - 144 = -0*k + 4*c. List the prime factors of k.
2, 17
Suppose 58*m + 126 = 63*m + x, -5*m + 127 = 2*x. List the prime factors of m.
5
Suppose 2*g - 164 - 751 = -3*b, 3*b - 9 = 0. What are the prime factors of g?
3, 151
Let f(z) be the second derivative of z**4/12 - 2*z**3/3 + 3*z**2/2 + z. Let w = 44 - 39. What are the prime factors of f(w)?
2
Suppose -4*n + 15 = -49. Let u = 26 + -40. Let s = n + u. List the prime factors of s.
2
Let q be (-2 + 3)*(-11)/(-1). Suppose g - 4*j + 8 = -1, 0 = 5*j - 20. Let c = q - g. List the prime factors of c.
2
Let k(w) = -9*w**3 - 5*w**2 + 41*w + 130. List the prime factors of k(-6).
2, 103
List the prime factors of (-7 + 6)/(2/(-1796)).
2, 449
Let d(n) = 108*n + 143. List the prime factors of d(18).
2087
Let m be (-707)/(-2) + 9/6. Suppose -5*u + 5*c + m = 0, 8*c - 3*c = -2*u + 128. List the prime factors of u.
3, 23
Suppose 0 = 10*o + 10 - 60. Suppose -162 = 3*b - o*b + 5*k, 3*b = 5*k + 243. List the prime factors of b.
3
Suppose -9*y = -13*y - 28. Let f(k) = k**3 + 8*k**2 - 7*k - 3. List the prime factors of f(y).
5, 19
Let c = 942 - 578. List the prime factors of c.
2, 7, 13
Let u(z) = 53*z**3 - z**2 + 2*z + 2. Suppose -3*k + 3 = -r + 8, 2*k - 6 = -4*r. Let x be u(k). What are the prime factors of (-124)/(-6) - (-36)/x?
2, 5
Let a(x) = -144*x + 512. List the prime factors of a(-14).
2, 79
Suppose 5 = j - 4*b, -5*j = -2*b - 3 - 4. Let g(r) = 13 + r**2 - 1 + 2*r - j + 8*r. List the prime factors of g(-11).
2, 11
Let s(r) = 4*r - 29*r**3 + 28*r**3 - 9*r**2 + 4*r**2 - 12. What are 